multiple of 706?
True
Does 16 divide 141781172?
False
Is 2089 a factor of 38280925?
True
Is 930767006 a multiple of 9761?
False
Does 239 divide 23442800?
False
Is 101 a factor of 17924672?
True
Does 1628 divide 5439301?
False
Is 27 a factor of 143514801?
True
Does 1024 divide 87632896?
True
Is 158555149 a multiple of 59?
False
Is 293810274 a multiple of 13?
False
Is 53 a factor of 12075732?
True
Is 217 a factor of 605753113?
True
Is 91613528 a multiple of 47?
True
Is 2679 a factor of 964375704?
True
Does 3130 divide 1868378380?
True
Does 195 divide 1790436015?
False
Is 3978712720 a multiple of 1405?
True
Is 1025 a factor of 33302865?
False
Is 141526412 a multiple of 7?
False
Is 1857 a factor of 103609513?
False
Does 15 divide 95717370?
True
Does 43 divide 53119577?
True
Is 7 a factor of 330358756?
True
Is 6975187 a multiple of 13?
False
Is 2038350 a multiple of 1270?
True
Is 93061577 a multiple of 30?
False
Does 96 divide 69341088?
True
Is 6 a factor of 134977910?
False
Does 4 divide 11003788?
True
Does 15 divide 5375100?
True
Does 94 divide 254619913?
False
Is 1522816865 a multiple of 19?
False
Is 200 a factor of 1660344200?
True
Is 26 a factor of 35828353?
False
Is 46557934 a multiple of 29?
True
Does 3257 divide 214481621?
False
Is 15 a factor of 15788775?
True
Is 20216724 a multiple of 66?
True
Does 1497 divide 90640192?
False
Is 27 a factor of 5866731?
False
Is 504077875 a multiple of 581?
False
Does 338 divide 281385676?
True
Is 94 a factor of 115461495?
False
Is 11108638 a multiple of 94?
True
Is 452 a factor of 8313318?
False
Does 1592 divide 199394816?
True
Is 288 a factor of 160170912?
True
Does 768 divide 3625373184?
True
Is 19017167 a multiple of 3492?
False
Does 125 divide 65169375?
True
Is 1324 a factor of 18686936?
True
Is 1102 a factor of 12862932?
False
Does 477 divide 9825852?
False
Does 5277 divide 292305825?
False
Is 50 a factor of 268012540?
False
Is 24587118 a multiple of 6?
True
Is 427739191 a multiple of 43?
False
Is 169018807 a multiple of 13?
False
Is 6207875 a multiple of 8?
False
Is 5 a factor of 27695825?
True
Is 40 a factor of 24916760?
True
Is 258357596 a multiple of 3038?
True
Is 114009154 a multiple of 14?
True
Does 4 divide 94388452?
True
Is 43270200 a multiple of 270?
True
Is 2303023 a multiple of 487?
True
Does 17 divide 1376551218?
False
Is 9910483 a multiple of 64?
False
Is 9 a factor of 208262772?
True
Does 15 divide 6830699145?
True
Is 35662713 a multiple of 114?
False
Does 2687 divide 121127273?
True
Is 21 a factor of 16204524?
True
Is 86 a factor of 8205750?
False
Is 444 a factor of 46468152?
True
Does 6 divide 1215762?
True
Is 7419226 a multiple of 3351?
False
Is 12 a factor of 497910463?
False
Is 5288 a factor of 710537690?
False
Does 10 divide 4133471204?
False
Is 21146147 a multiple of 187?
True
Is 6 a factor of 310459984?
False
Does 1660 divide 989466240?
True
Is 2 a factor of 2549911?
False
Does 1096 divide 86497084?
False
Is 12355005 a multiple of 2001?
False
Is 17 a factor of 131879693?
True
Is 6424144 a multiple of 151?
True
Does 35 divide 36225976?
False
Is 114469546 a multiple of 28?
False
Is 12 a factor of 15354405?
False
Is 47839195 a multiple of 115?
True
Does 13889 divide 32736373?
True
Is 209230455 a multiple of 291?
True
Is 831191045 a multiple of 5181?
False
Is 32284287 a multiple of 147?
True
Is 13 a factor of 755545687?
True
Is 109063089 a multiple of 44?
False
Does 2 divide 4716572?
True
Is 55680161 a multiple of 3058?
False
Is 80 a factor of 322597088?
False
Is 166286640 a multiple of 120?
True
Is 9607132 a multiple of 6?
False
Does 55 divide 2640?
True
Does 627 divide 26661294?
True
Is 8390028 a multiple of 61?
False
Is 39 a factor of 13533936?
True
Is 961399557 a multiple of 199?
False
Does 40 divide 206022874?
False
Is 677859471 a multiple of 39?
False
Is 394129984 a multiple of 16?
True
Does 25 divide 135204363?
False
Is 243 a factor of 7447847605?
False
Does 36 divide 14728932?
True
Does 998 divide 332846971?
False
Is 68389971 a multiple of 39?
True
Is 7 a factor of 183884442?
True
Is 24396091 a multiple of 2601?
False
Is 755206794 a multiple of 3933?
True
Is 3293 a factor of 995190804?
False
Is 696310641 a multiple of 117?
True
Does 5 divide 433954376?
False
Does 5 divide 3094320?
True
Is 81277948 a multiple of 558?
False
Does 26 divide 242597810?
True
Does 786 divide 114273322?
False
Is 9532587 a multiple of 16?
False
Is 21 a factor of 209203835?
False
Is 21 a factor of 12695907?
True
Is 2333601075 a multiple of 15?
True
Does 1353 divide 141314085?
True
Does 5 divide 471166508?
False
Is 223 a factor of 8237843?
True
Is 15817815 a multiple of 135?
True
Is 20 a factor of 17838840?
True
Is 449704998 a multiple of 3258?
True
Is 12 a factor of 44039599?
False
Is 141332463 a multiple of 9?
True
Is 11187831 a multiple of 4?
False
Is 240570512 a multiple of 8?
True
Does 14 divide 82606412?
True
Is 137814105 a multiple of 1367?
True
Does 549 divide 44958708?
True
Is 975 a factor of 33817135?
False
Is 295 a factor of 228856273?
False
Is 81 a factor of 552663?
True
Is 28079100 a multiple of 70?
True
Is 23 a factor of 22629884?
True
Does 88 divide 471473464?
True
Is 55065144 a multiple of 841?
False
Does 97 divide 349535694?
False
Does 398 divide 190899307?
False
Does 295 divide 308855265?
True
Is 5719 a factor of 979956369?
True
Is 199655728 a multiple of 4?
True
Does 409 divide 1907522572?
False
Does 55 divide 332420489?
False
Does 2635 divide 55527355?
True
Is 1410 a factor of 39340410?
True
Is 1439 a factor of 1071403133?
True
Is 1493191325 a multiple of 6794?
False
Does 773 divide 43407815?
True
Is 301 a factor of 18812843?
False
Does 60 divide 26359518?
False
Is 3 a factor of 151338860?
False
Does 243 divide 267322636?
False
Is 24 a factor of 185692131?
False
Does 256 divide 9145308?
False
Is 37 a factor of 131594866?
True
Does 12 divide 1483983347?
False
Is 36 a factor of 63404721?
False
Is 1300196838 a multiple of 246?
True
Does 6 divide 11010187?
False
Is 90082384 a multiple of 4?
True
Is 32189466 a multiple of 34?
True
Is 240 a factor of 8403680496?
False
Is 3 a factor of 9308830?
False
Is 998169833 a multiple of 659?
False
Is 293154649 a multiple of 739?
True
Is 9939160 a multiple of 1540?
True
Is 870176951 a multiple of 26?
False
Does 31 divide 7112113?
True
Is 70 a factor of 22086890?
True
Is 946158640 a multiple of 2378?
True
Does 2 divide 24609005?
False
Is 57271520 a multiple of 3?
False
Is 972 a factor of 25050384?
True
Is 378 a factor of 252654436?
False
Does 455 divide 78006470?
False
Is 565840284 a multiple of 356?
True
Is 115959963 a multiple of 17?
False
Is 25512159 a multiple of 250?
False
Does 15 divide 1305732540?
True
Does 3028 divide 45053576?
False
Is 2004 a factor of 74472648?
True
Is 1136 a factor of 602350368?
True
Does 47 divide 192724863?
True
Is 81 a factor of 23546619?
True
Is 3 a factor of 133148337?
True
Is 560811050 a multiple of 1175?
True
Is 732 a factor of 377412084?
False
Is 26 a factor of 3665015?
False
Is 23238476 a multiple of 219?
False
Is 368 a factor of 25019378?
False
Is 66131856 a multiple of 798?
True
Is 121875244 a multiple of 15?
False
Is 257 a factor of 1941618?
False
Does 1617 divide 218968271?
False
Does 169 divide 256412542?
False
Is 537 a factor of 10942570?
False
Does 281 divide 263461666?
True
Is 12 a factor of 19531710?
False
Is 3199345 a multiple of 5?
True
Is 10 a factor of 1956542140?
True
Is 1728340020 a multiple of 36?
True
Does 36 divide 9831888?
True
Is 601 a factor of 34660574?
False
Is 10545361 a multiple of 199?
False
Is 194498023 a multiple of 18?
False
Is 18 a factor of 25252164?
True
Is 37 a factor of 37167832?
True
Is 37490456 a multiple of 15?
False
Does 189 divide 594489391?
False
Is 19 a factor of 674007501?
True
Is 14 a factor of 74442662?
True
Is 312 a factor of 11785820?
False
Does 7 divide 27312903?
False
Is 1005 a factor of 3142567839?
False
Is 14 a factor of 19627468?
True
Does 747 divide 58460591?
False
Is 64 a factor of 1730732800?
True
Does 10 divide 513752807?
False
Does 84 divide 5722661775?
False
Is 4828 a factor of 350736995?
False
Is 64 a factor of 238133933?
False
Is 3870358 a multiple of 65?
False
Is 914642710 a multiple of 190?
True
Is 32287520 a multiple of 939?
False
Is 2802690 a multi